e prime factors of 1643738?
2, 821869
List the prime factors of 22296.
2, 3, 929
What are the prime factors of 1485160?
2, 5, 107, 347
What are the prime factors of 937350?
2, 3, 5, 2083
What are the prime factors of 5502603?
3, 37, 89, 557
What are the prime factors of 2331143?
71, 32833
List the prime factors of 8212274.
2, 7, 431, 1361
List the prime factors of 3565203.
3, 521, 2281
List the prime factors of 5894145.
3, 5, 130981
List the prime factors of 2489447.
29, 85843
What are the prime factors of 63956?
2, 59, 271
List the prime factors of 644344.
2, 239, 337
What are the prime factors of 27194919?
3, 113, 80221
List the prime factors of 8549971.
643, 13297
List the prime factors of 320180.
2, 5, 7, 2287
What are the prime factors of 9793071?
3, 17, 64007
List the prime factors of 558906.
2, 3, 93151
List the prime factors of 5993551.
5993551
List the prime factors of 9183612.
2, 3, 19, 47, 857
What are the prime factors of 22902410?
2, 5, 19, 120539
What are the prime factors of 1033430?
2, 5, 17, 6079
List the prime factors of 2746380.
2, 3, 5, 7, 13, 503
What are the prime factors of 1122115?
5, 224423
List the prime factors of 171050.
2, 5, 11, 311
List the prime factors of 21009698.
2, 10504849
List the prime factors of 1851004.
2, 359, 1289
What are the prime factors of 3119498?
2, 1559749
List the prime factors of 912221.
109, 8369
List the prime factors of 246276.
2, 3, 6841
What are the prime factors of 276031?
7, 47, 839
What are the prime factors of 203776?
2, 199
List the prime factors of 5929.
7, 11
What are the prime factors of 1625515?
5, 151, 2153
What are the prime factors of 2167033?
11, 197003
List the prime factors of 397542.
2, 3, 59, 1123
List the prime factors of 42169.
42169
What are the prime factors of 3014266?
2, 659, 2287
List the prime factors of 4671518.
2, 47, 49697
List the prime factors of 11997148.
2, 2999287
What are the prime factors of 701160?
2, 3, 5, 5843
What are the prime factors of 5558083?
31, 41, 4373
List the prime factors of 868088.
2, 13, 17, 491
List the prime factors of 121330.
2, 5, 11, 1103
List the prime factors of 70902.
2, 3, 13, 101
List the prime factors of 7501559.
13, 577043
What are the prime factors of 510101?
510101
What are the prime factors of 53942?
2, 7, 3853
What are the prime factors of 3199214?
2, 1599607
List the prime factors of 6112585.
5, 19, 37, 47
What are the prime factors of 336243?
3, 17, 19, 347
What are the prime factors of 430339?
7, 13, 4729
List the prime factors of 47103.
3, 7, 2243
List the prime factors of 284576.
2, 8893
What are the prime factors of 9155814?
2, 3, 1525969
What are the prime factors of 342612?
2, 3, 31, 307
List the prime factors of 248254.
2, 19, 47, 139
List the prime factors of 621221.
43, 14447
List the prime factors of 1830679.
17, 107687
What are the prime factors of 1623392?
2, 97, 523
List the prime factors of 408633.
3, 19, 67, 107
What are the prime factors of 1961882?
2, 13, 61, 1237
What are the prime factors of 170884?
2, 7, 17, 359
What are the prime factors of 9092?
2, 2273
What are the prime factors of 1868838?
2, 3, 311473
List the prime factors of 2811.
3, 937
List the prime factors of 767989.
647, 1187
List the prime factors of 1333.
31, 43
List the prime factors of 125695.
5, 23, 1093
List the prime factors of 178778.
2, 71, 1259
List the prime factors of 290747.
167, 1741
What are the prime factors of 724882?
2, 293, 1237
List the prime factors of 2067656.
2, 19, 61, 223
What are the prime factors of 205558?
2, 79, 1301
List the prime factors of 166701.
3, 181, 307
What are the prime factors of 1985328?
2, 3, 17, 811
List the prime factors of 2239105.
5, 11, 3701
List the prime factors of 123549.
3, 41183
What are the prime factors of 844023?
3, 353, 797
What are the prime factors of 167399?
17, 43, 229
What are the prime factors of 284044?
2, 71011
What are the prime factors of 101663?
101663
What are the prime factors of 15943963?
7, 107, 3041
List the prime factors of 5278136.
2, 83, 7949
What are the prime factors of 202368?
2, 3, 17, 31
List the prime factors of 2655997.
101, 26297
List the prime factors of 5836410.
2, 3, 5, 64849
List the prime factors of 883781.
883781
What are the prime factors of 173957?
7, 24851
List the prime factors of 224488.
2, 11, 2551
What are the prime factors of 111166?
2, 11, 31, 163
List the prime factors of 952583.
952583
What are the prime factors of 291030?
2, 3, 5, 89, 109
What are the prime factors of 3539185?
5, 13, 54449
List the prime factors of 12195733.
11, 1108703
List the prime factors of 7232987.
43, 59, 2851
What are the prime factors of 1078708?
2, 479, 563
List the prime factors of 5733007.
7, 819001
What are the prime factors of 132569?
43, 3083
List the prime factors of 252103.
23, 97, 113
List the prime factors of 1408035.
3, 5, 37, 43, 59
List the prime factors of 853067.
683, 1249
List the prime factors of 25200.
2, 3, 5, 7
What are the prime factors of 103649?
7, 13, 17, 67
List the prime factors of 308121.
3, 11, 9337
List the prime factors of 8250.
2, 3, 5, 11
What are the prime factors of 125776?
2, 7, 1123
What are the prime factors of 27991480?
2, 5, 11, 63617
What are the prime factors of 2581033?
7, 13, 113, 251
List the prime factors of 180526.
2, 90263
What are the prime factors of 198984?
2, 3, 8291
What are the prime factors of 98877?
3, 23, 1433
What are the prime factors of 1260069?
3, 67, 6269
List the prime factors of 2893923.
3, 321547
What are the prime factors of 1028386?
2, 167, 3079
What are the prime factors of 1131023?
1131023
What are the prime factors of 13426315?
5, 7, 383609
What are the prime factors of 6616632?
2, 3, 11, 71, 353
What are the prime factors of 264977?
264977
What are the prime factors of 236371?
23, 43, 239
What are the prime factors of 10063327?
41, 71, 3457
What are the prime factors of 23577373?
43, 439, 1249
List the prime factors of 26247518.
2, 11, 67, 17807
List the prime factors of 8541014.
2, 4270507
List the prime factors of 2680011.
3, 297779
What are the prime factors of 12419387?
12419387
What are the prime factors of 565536?
2, 3, 43, 137
What are the prime factors of 156260?
2, 5, 13, 601
List the prime factors of 12309896.
2, 83, 18539
List the prime factors of 292441.
292441
What are the prime factors of 939125?
5, 11, 683
What are the prime factors of 707608?
2, 11, 17, 43
List the prime factors of 8638242.
2, 3, 37, 167, 233
What are the prime factors of 562179?
3, 187393
What are the prime factors of 529873?
17, 71, 439
List the prime factors of 3118045.
5, 7, 89087
List the prime factors of 4245465.
3, 5, 7, 40433
List the prime factors of 3295677.
3, 7, 11, 1297
List the prime factors of 3866201.
3866201
List the prime factors of 3619908.
2, 3, 193, 521
What are the prime factors of 287184?
2, 3, 31, 193
What are the prime factors of 2580246?
2, 3, 29, 4943
What are the prime factors of 277002?
2, 3, 11, 1399
List the prime factors of 2936130.
2, 3, 5, 97871
List the prime factors of 929101.
17, 31, 41, 43
What are the prime factors of 6969?
3, 23, 101
List the prime factors of 258946.
2, 43, 3011
What are the prime factors of 1088681?
11, 19, 5209
List the prime factors of 132134.
2, 66067
What are the prime factors of 5258905?
5, 1051781
What are the prime factors of 2476364?
2, 11, 23, 2447
List the prime factors of 280222.
2, 140111
List the prime factors of 713115.
3, 5, 13, 23, 53
List the prime factors of 124500.
2, 3, 5, 83
List the prime factors of 1912798.
2, 956399
What are the prime factors of 892702?
2, 157, 2843
List the prime factors of 2201382.
2, 3, 122299
List the prime factors of 425622.
2, 3, 70937
What are the prime factors of 36804959?
36804959
List the prime factors of 1157737.
7, 165391
What are the prime factors of 10833353?
31, 11273
List the prime factors of 214327.
79, 2713
List the prime factors of 4602838.
2, 53, 173, 251
What are the prime factors of 26345032?
2, 7, 470447
What are the prime factors of 304524?
2, 3, 11, 769
What are the prime factors of 379134?
2, 3, 7, 17, 59
List the prime factors of 221233.
221233
What are the prime factors of 13853906?
2, 11, 629723
What are the prime factors of 23179666?
2, 43, 409, 659
List the prime factors of 1088